e 0*l - 2*l = i + 3, 2*i = 3*l + 22. Let r be n(i). What is the greatest common factor of r and 90?
30
Suppose 5 = 3*t - 2*t. Let b = 16911 + -16896. Calculate the greatest common divisor of b and t.
5
Let q be -2*-14*(-2)/(-8). Suppose 2*f - 49 = -3*y + 6*f, -3*f = 4*y - 57. Let p be (-17)/((-5)/y + q/30). Calculate the highest common divisor of 34 and p.
34
Let k = 2507 + -440. Calculate the highest common factor of 78 and k.
39
Let x = 45 + 30. Let j be 6290/x + (-18)/(-135). Calculate the highest common factor of 112 and j.
28
Let i = -713 - -843. Calculate the greatest common divisor of i and 90.
10
Let w be ((-306)/24)/(6/(-2192)). What is the greatest common factor of w and 34?
34
Suppose 0 = -34*h + 912 + 4290. What is the highest common divisor of h and 9?
9
Suppose -3*b + 56 = -88. Let u = -44 + b. Suppose -u*p + 28 = 4*m - 0*m, -2*p + 22 = 4*m. Calculate the greatest common factor of m and 8.
4
Suppose t - 4*t = -870. Suppose 3*u = -b + 31, -974*u = -4*b - 968*u - 2. What is the greatest common factor of b and t?
10
Suppose -s + 1482 = 10*x - 5*x, x - 2964 = -2*s. What is the highest common factor of 6175 and s?
247
Let a = -9 + -33. Let y = -8 - a. Let h = y + -6. What is the highest common factor of h and 4?
4
Suppose -n = 2*j - 44, 2*n - 36 = -2*j - n. Let s = j + -25. Let h be (-66)/99*(7*s + 1). Calculate the highest common divisor of 6 and h.
2
Let z = -1239 + 1258. What is the greatest common factor of 19 and z?
19
Let h(g) = g**3 - 28*g**2 - 40*g + 332. Let i be h(31). What is the greatest common factor of 25 and i?
25
Let w = -11449 + 11620. Calculate the highest common divisor of w and 1501.
19
Let d(k) = k + 2. Let w be d(1). Suppose 0 = -w*p + 4*p - 3*b - 30, -3*b = p - 54. Suppose 31 - 67 = -6*j. What is the greatest common factor of j and p?
6
Let m = 121320 + -121264. Let n(a) = -239*a - 1. Let j be n(-1). Calculate the highest common factor of j and m.
14
Let p be (-7)/(105/(-18485)) + -1 + 12/18. Calculate the greatest common factor of 385 and p.
77
Suppose 4*f - 54 = -m, 6*m - 8*f = 11*m - 198. Calculate the greatest common divisor of m and 5085.
15
Let g = 46 - -63. Suppose -g - 41 = 3*n. Let j be 3060/n*5/(-2). What is the highest common divisor of 17 and j?
17
Let d = -12953 + 13929. Calculate the highest common factor of d and 1769.
61
Suppose -41 + 115 = 3*n - 22. Calculate the highest common factor of n and 7712.
32
Let v = -144 - -210. Let p be 1388/2 - (-62 + v). Calculate the greatest common factor of 30 and p.
30
Let m = 1096 - 541. Let z = -360 + m. What is the greatest common divisor of z and 15?
15
Suppose 5*t = 2*o - 144, t - 162 = 6*t + 4*o. Let k = t + 17. Let b be 12/(-10)*(455/14)/k. What is the greatest common divisor of 24 and b?
3
Let v be 4/12 + (-1)/3. Suppose v = k, 3*k - 6 = -5*l + 4. Suppose -82 = -4*s + l*t, 35 = 4*s + 5*t - 82. Calculate the highest common factor of s and 184.
23
Let y = 25171 - 25142. What is the greatest common divisor of y and 5162?
29
Suppose 0 = -2*t - 5*l - 1, -5*l = -4*t - 8*l + 5. Suppose -t*n - 510 = -7*n. Suppose 23*g = 20*g + n. Calculate the highest common divisor of 34 and g.
34
Let h be (-4)/(-1 + -3)*(61 - 2). Let b = h - 29. Calculate the highest common factor of 15 and b.
15
Suppose 0 = -332*d + 276*d + 1064. What is the greatest common divisor of d and 7201?
19
Let w be (-2)/2*(-3 + 5 - 6). Suppose 5*i + 1396 = -r, w*i - 4*r - 338 = -1474. Let z be (i/(-6))/(24/36). What is the greatest common divisor of 14 and z?
14
Let q(d) = d + 6. Let v be q(-6). Let f(a) = a**2 + 0*a**2 + 1 - 4*a + v*a**2. Let g be f(-5). Calculate the highest common divisor of 69 and g.
23
Suppose 21*y = 25*y + 8, 4*p - 1168 = -4*y. Suppose 4*q - p = 5*o, 3*q - 2*q - 84 = -4*o. Calculate the greatest common factor of 4 and q.
4
Let n be -1 - -862 - (-13 + 10). Let i be (-1 + -1)*(79 - 83). Calculate the greatest common factor of n and i.
8
Suppose 4*l - 2*x - 254 = 0, 199*x - 202*x = 3*l - 159. Calculate the highest common factor of l and 3660.
60
Let u be (24/18)/(4 + (-38)/9). Let q be 27 - 1*(u + 3). Calculate the greatest common divisor of 30 and q.
30
Suppose -4*y = 13 - 253. Suppose 0 = -63*a + 75*a - 24. Let b be (-2 + 8)*a*15/9. Calculate the greatest common divisor of y and b.
20
Suppose -5*j - 4*d = -4463, -3*j + d + 854 + 1834 = 0. What is the greatest common divisor of j and 5?
5
Suppose -94*g = -2252 - 15420. Calculate the highest common factor of 1034 and g.
94
Let k be ((-309)/412)/(1/8*-1). Calculate the highest common divisor of k and 57.
3
Let o = -43 + 68. Let q = -23 + o. Suppose 63 = 5*d + 2*i, -3*d + 5*i = q*d - 70. Calculate the greatest common factor of d and 39.
13
Suppose -397 - 218 = -2*d + 449. What is the highest common factor of d and 756?
28
Suppose -5*p + p = -4. Let j be 0 + p + (-15)/(-5). Suppose 2*g - j*c - 8 = 0, -2 = -3*g - 4*c - 0. Calculate the highest common divisor of g and 4.
2
Suppose 4*z + 5*x + 1498 = 1826, 2*x + 182 = 2*z. What is the greatest common factor of 3973 and z?
29
Suppose 4*p - 2435 = w - 6717, 4*p = -3*w + 12798. What is the highest common factor of 2318 and w?
122
Let z = 28 - 41. Let j = z + -42. Let i = j - -289. Calculate the highest common factor of i and 26.
26
Let f = -4368 - -6813. What is the greatest common factor of 45 and f?
15
Let n be 4525/75 - (1 + 6/(-9)). Let b be (-57 + 24)/((-4)/(80/3)). What is the highest common factor of n and b?
20
Suppose -3 = 2*t + 1, 5*i = 4*t - 452. Let f be (-730)/6 - (-8 + 280/30). Let m = i - f. Calculate the greatest common factor of 31 and m.
31
Suppose k + 270 = -4*k. Let m = k + 53. Let j be m/(-2) - 636/(-24). What is the greatest common factor of j and 27?
27
Suppose 0 = -9*r - 14*r + 14904. Suppose -r = -20*j + 452. What is the greatest common factor of 22 and j?
11
Let x = -1 + -7. Let o be 1/(-4) - (2 - (-562)/x). Suppose 3*k + 4*y - 2*y - 26 = 0, 0 = -4*k + 4*y + o. What is the greatest common divisor of k and 132?
12
Let j = -31 + 103. Suppose -3*x + 68 = -2*d, -5*x + 2*x + j = -3*d. Let n be 110/20*(-320)/(-16). What is the highest common factor of x and n?
10
Suppose 68*c = 304703 - 54463. Calculate the greatest common factor of c and 280.
40
Let k = -29 - -121. Let y = 196 - k. What is the highest common divisor of 39 and y?
13
Let o(m) = -8*m + 227. Let r be o(28). Let t be ((-8)/6 - 4)/((-2)/9). Calculate the highest common divisor of t and r.
3
Let d = 428 - 23. Suppose -11*w + 11 + 44 = 0. Calculate the highest common factor of d and w.
5
Suppose i - 3 = -2*i. Let h = 804 - 882. Let l be h/39*7/(-2)*1. What is the greatest common factor of i and l?
1
Let g(m) = -7*m**3 - m**2 + 4*m. Let c be ((-4)/12)/(2/18). Let k be g(c). Let r = 2489 + -2468. Calculate the highest common divisor of k and r.
21
Suppose -129 - 15 = -2*w + 3*l, -w + 71 = -2*l. What is the greatest common divisor of w and 12?
3
Suppose -4*z = 0, -609*z + 5605 = 5*v - 613*z. What is the highest common divisor of v and 59?
59
Let k = 30 - 8. Let s(x) = -x - 20. Let n be s(-24). Suppose 2*v = 5*v + q - k, n*q - 39 = -5*v. Calculate the greatest common divisor of v and 77.
7
Suppose 0 = -2*p + 4*y + 92, -2*p + 0*y + y = -83. What is the greatest common divisor of p and 185?
5
Let o(j) = -2*j**3 - 9*j**2 + 6*j + 9. Let t be o(-9). Let a(y) = -288*y - 2862. Let b be a(-10). Calculate the highest common divisor of b and t.
18
Let a = 24900 + -24876. What is the highest common factor of a and 8616?
24
Suppose 352 = 4*j - 2*j. Let d be ((-4)/4 + 5)/1. Let i(g) = 3*g**2 - 4*g - 10. Let x be i(d). Calculate the highest common divisor of x and j.
22
Let r(h) = -206*h - 5608. Let c be r(-28). Calculate the greatest common divisor of 1568 and c.
32
Suppose 6*m = 25480 + 5336. What is the greatest common divisor of m and 48?
48
Let v be ((-24)/(-10))/((-68)/(-4930)). Suppose 54 = -10*m + v. Calculate the greatest common divisor of m and 444.
12
Let s(j) = j**3 + 17*j**2 - 2*j + 30. Let o be s(-19). Let c = o + 697. Calculate the greatest common factor of c and 817.
43
Let y be (-3)/((-5)/(-4)*3/(-15)). Let n be y - (6 + -6)/2. Calculate the highest common factor of 84 and n.
12
Suppose -4*v = 2*d - 22, -v - 12 - 10 = -5*d. Suppose 0*c + 2*o - 163 = -c, v*c + 4*o = 479. What is the greatest common factor